{"id":224,"date":"2019-01-16T12:30:42","date_gmt":"2019-01-16T11:30:42","guid":{"rendered":"https:\/\/www.yreduktor.eu\/?page_id=224"},"modified":"2022-05-07T23:01:01","modified_gmt":"2022-05-07T21:01:01","slug":"dokumenty-ke-stazeni","status":"publish","type":"page","link":"https:\/\/yreduktor.eu\/index.php\/yilmaz-reduktor\/dokumenty-ke-stazeni\/","title":{"rendered":"Dokumenty ke sta\u017een\u00ed"},"content":{"rendered":"<div  data-label=\"Cta\" data-id=\"cta--1\" data-export-id=\"cta-centered-bg-section\" data-category=\"cta\" data-section-ov=\"1\" class=\"cta-centered-bg-section content-section content-section-spacing-medium white-text\" data-parallax-depth=\"20\" id=\"cta-1\" style=\"background-color: rgb(255, 255, 255); background-image: none;\"><div  class=\"gridContainer\"> <div  class=\"row text-center\"><div  data-type=\"column\" class=\"\"> <h2  class=\"\"><span  style=\"color: rgb(73, 73, 73);\">Katalogy a produktov\u00e9 listy<\/span><\/h2> <\/div> <\/div><\/div> <\/div><div  data-label=\"Features\" data-id=\"features--1\" data-export-id=\"features-13-card-bordered-colored\" data-category=\"features\" class=\"features-13 content-section content-section-spacing rocket-lazyload lazyloaded\" id=\"features-1\" style=\"background-color: rgb(255, 255, 255); background-size: cover; background-position: center top; background-image: url(&quot;http:\/\/www.yreduktor.eu\/wp-content\/uploads\/2019\/03\/katalog_back.png&quot;);\" data-section-ov=\"1\" data-was-processed=\"true\" data-ll-status=\"loaded\"><div  class=\"gridContainer\">  <div  class=\"row spaced-cols\" data-type=\"row\"> <div  class=\"col xs-12 col-sm-3 col-md-3 \"> <div  class=\"card bottom-border-color1\" data-type=\"column\">  <h4  class=\"\"><span  style=\"color: rgb(230, 35, 131);\">technick\u00e9 listy<\/span><\/h4> <p  class=\"\">\u2013 s\u00e9rie M<br >\n\u2013 s\u00e9rie N<br >\n\u2013 s\u00e9rie K<br >\n\u2013 s\u00e9rie E<br >\n\u2013 s\u00e9rie D<br >\n\u2013 s\u00e9rie B<br >\n\u2013 s\u00e9rie H<br >\n\u2013 s\u00e9rie P<br >\n\u2013 s\u00e9rie V<br ><a data-mce-href=\"http:\/\/www.yr.com.tr\/dokuman\" href=\"http:\/\/www.yr.com.tr\/dokuman\" target=\"_self\" data-mce-selected=\"inline-boundary\" data-cp-link=\"1\" rel=\"noopener\">\u2013 v\u0161echny dostupn\u00e9 zde<\/a><\/p> <\/div> <\/div> <div  class=\"col xs-12 col-sm-3 col-md-3 \"> <div  class=\"card bottom-border-color1\" data-type=\"column\">  <h4  class=\"\"><span  style=\"color: rgb(230, 35, 131);\">katalogy<\/span><\/h4> <p  class=\"\"><a data-mce-href=\"http:\/\/www.yr.com.tr\/dokuman\" href=\"http:\/\/www.yr.com.tr\/dokuman\" target=\"_self\" data-mce-selected=\"inline-boundary\" data-cp-link=\"1\" rel=\"noopener\">\u2013 katalog&nbsp;<\/a><br ><a data-mce-href=\"http:\/\/www.yr.com.tr\/dokuman\" href=\"http:\/\/www.yr.com.tr\/dokuman\" target=\"_self\" data-cp-link=\"1\" rel=\"noopener\">\u2013 bro\u017eury<\/a><\/p> <\/div> <\/div> <div  class=\"col xs-12 col-sm-3 col-md-3\"> <div  class=\"card bottom-border-color1\" data-type=\"column\">  <h4  class=\"\"><span  style=\"color: rgb(230, 35, 131);\">manu\u00e1ly<\/span><\/h4>  <p  class=\"\">\u2013&nbsp;<a data-mce-href=\"..\/..\/..\/wp-content\/uploads\/2019\/03\/MN-operating-instructions-OIMCE0200_0418-CZ.pdf\" href=\"..\/..\/..\/wp-content\/uploads\/2019\/03\/MN-operating-instructions-OIMCE0200_0418-CZ.pdf\" target=\"_self\" data-mce-selected=\"inline-boundary\" data-cp-link=\"1\" rel=\"noopener\">s\u00e9rie M<\/a><br >\n<a data-mce-href=\"..\/..\/..\/wp-content\/uploads\/2019\/03\/MN-operating-instructions-OIMCE0200_0418-CZ.pdf\" href=\"..\/..\/..\/wp-content\/uploads\/2019\/03\/MN-operating-instructions-OIMCE0200_0418-CZ.pdf\" target=\"_self\" data-mce-selected=\"inline-boundary\" data-cp-link=\"1\" rel=\"noopener\">\u2013&nbsp;s\u00e9rie N<\/a><br >\n<a data-mce-href=\"..\/..\/..\/wp-content\/uploads\/2019\/03\/K-operating-instructions-OIKCE0300-0418-CZ.pdf\" href=\"..\/..\/..\/wp-content\/uploads\/2019\/03\/K-operating-instructions-OIKCE0300-0418-CZ.pdf\" target=\"_self\" data-mce-selected=\"inline-boundary\" data-cp-link=\"1\" rel=\"noopener\">\u2013&nbsp;s\u00e9rie K<\/a><br >\n<a data-mce-href=\"..\/..\/..\/wp-content\/uploads\/2019\/03\/E-operating-instructions-OIECE0300-0418-CZ.pdf\" href=\"..\/..\/..\/wp-content\/uploads\/2019\/03\/E-operating-instructions-OIECE0300-0418-CZ.pdf\" target=\"_self\" data-mce-selected=\"inline-boundary\" data-cp-link=\"1\" rel=\"noopener\">\u2013&nbsp;s\u00e9rie E<\/a><br >\n<a data-mce-href=\"..\/..\/..\/wp-content\/uploads\/2019\/03\/D-operating-instructions-OIDCE0300-0418-CZ.pdf\" href=\"..\/..\/..\/wp-content\/uploads\/2019\/03\/D-operating-instructions-OIDCE0300-0418-CZ.pdf\" target=\"_self\" data-mce-selected=\"inline-boundary\" data-cp-link=\"1\" rel=\"noopener\">\u2013&nbsp;s\u00e9rie D<\/a><br >\n<a data-mce-href=\"http:\/\/www.yr.com.tr\/dokuman\" href=\"http:\/\/www.yr.com.tr\/dokuman\" target=\"_self\" data-mce-selected=\"inline-boundary\" data-cp-link=\"1\" rel=\"noopener\">\u2013&nbsp;s\u00e9rie B<\/a><br >\n<a data-mce-href=\"http:\/\/www.yr.com.tr\/dokuman\" href=\"http:\/\/www.yr.com.tr\/dokuman\" target=\"_self\" data-mce-selected=\"inline-boundary\" data-cp-link=\"1\" rel=\"noopener\">\u2013&nbsp;s\u00e9rie H<\/a><br >\n<a data-mce-href=\"..\/..\/..\/wp-content\/uploads\/2019\/03\/PR-operating-instructions-OIPCE0102-0817-CZ.pdf\" href=\"..\/..\/..\/wp-content\/uploads\/2019\/03\/PR-operating-instructions-OIPCE0102-0817-CZ.pdf\" target=\"_self\" data-mce-selected=\"inline-boundary\" data-cp-link=\"1\" rel=\"noopener\">\u2013&nbsp;s\u00e9rie P<\/a><br >\n<a data-mce-href=\"..\/..\/..\/wp-content\/uploads\/2019\/03\/V-operating-instructions-OIVCE0101_0514-CZ.pdf\" href=\"..\/..\/..\/wp-content\/uploads\/2019\/03\/V-operating-instructions-OIVCE0101_0514-CZ.pdf\" target=\"_self\" data-mce-selected=\"inline-boundary\" data-cp-link=\"1\" rel=\"noopener\">\u2013&nbsp;s\u00e9rie V<\/a><\/p><\/div> <\/div><div  class=\"col xs-12 col-sm-3 col-md-3 \"> <div  class=\"card bottom-border-color1\" data-type=\"column\">  <h4  class=\"\"><span  style=\"color: rgb(230, 35, 131);\">produktov\u00e1 videa<\/span><\/h4> <p  class=\"\">\u2013 <a data-mce-href=\"https:\/\/youtu.be\/Qg-9EhhnfFQ\" href=\"https:\/\/youtu.be\/Qg-9EhhnfFQ\" target=\"lightbox\" data-mce-selected=\"inline-boundary\" data-cp-link=\"1\" rel=\"noopener noreferrer\" class=\"\">YR Factory Tour\n<\/a><br >\u2013 <a data-mce-href=\"https:\/\/youtu.be\/QapRbpQ7kQc\" href=\"https:\/\/youtu.be\/QapRbpQ7kQc\" target=\"lightbox\" data-mce-selected=\"inline-boundary\" data-cp-link=\"1\" rel=\"noopener noreferrer\" class=\"\">YR s\u00e9rie p\u0159evodovek D<\/a><br >\u2013 <a data-mce-href=\"https:\/\/youtu.be\/n3qEcc5IPtk\" href=\"https:\/\/youtu.be\/n3qEcc5IPtk\" target=\"lightbox\" data-mce-selected=\"inline-boundary\" data-cp-link=\"1\" rel=\"noopener noreferrer\" class=\"\">YR s\u00e9rie p\u0159evodovek K<\/a><\/p> <\/div> <\/div> <\/div> <\/div><\/div>","protected":false},"excerpt":{"rendered":"<p>Katalogy a produktov\u00e9 listy technick\u00e9 listy \u2013 s\u00e9rie M \u2013 s\u00e9rie N \u2013 s\u00e9rie K \u2013 s\u00e9rie E \u2013 s\u00e9rie D \u2013 s\u00e9rie B \u2013 s\u00e9rie H \u2013 s\u00e9rie P \u2013 s\u00e9rie V\u2013 v\u0161echny dostupn\u00e9 zde katalogy \u2013 katalog&nbsp;\u2013 bro\u017eury manu\u00e1ly \u2013&nbsp;s\u00e9rie M \u2013&nbsp;s\u00e9rie N \u2013&nbsp;s\u00e9rie K \u2013&nbsp;s\u00e9rie E \u2013&nbsp;s\u00e9rie D \u2013&nbsp;s\u00e9rie B \u2013&nbsp;s\u00e9rie H&hellip; <br \/> <a class=\"read-more\" href=\"https:\/\/yreduktor.eu\/index.php\/yilmaz-reduktor\/dokumenty-ke-stazeni\/\">Read more<\/a><\/p>\n","protected":false},"author":1,"featured_media":0,"parent":34,"menu_order":5,"comment_status":"closed","ping_status":"closed","template":"pro\/page-templates\/page-with-small-header.php","meta":{"footnotes":""},"yoast_head":"<!-- This site is optimized with the Yoast SEO plugin v21.3 - https:\/\/yoast.com\/wordpress\/plugins\/seo\/ -->\n<title>Dokumenty ke sta\u017een\u00ed - Yilmaz Red\u00fckt\u00f6r<\/title>\n<meta name=\"description\" content=\"Zde najdete dokumenty ke sta\u017een\u00ed, t\u00fdkaj\u00edc\u00ed se produkt\u016f spole\u010dnosti Yilmaz Red\u00fckt\u00f6r. Najdete zde katalogy, manu\u00e1ly nebo technick\u00e9 listy.\" \/>\n<meta name=\"robots\" content=\"index, follow, max-snippet:-1, max-image-preview:large, max-video-preview:-1\" \/>\n<link rel=\"canonical\" href=\"https:\/\/yreduktor.eu\/index.php\/yilmaz-reduktor\/dokumenty-ke-stazeni\/\" \/>\n<meta property=\"og:locale\" content=\"cs_CZ\" \/>\n<meta property=\"og:type\" content=\"article\" \/>\n<meta property=\"og:title\" content=\"Dokumenty ke sta\u017een\u00ed - Yilmaz Red\u00fckt\u00f6r\" \/>\n<meta property=\"og:description\" content=\"Zde najdete dokumenty ke sta\u017een\u00ed, t\u00fdkaj\u00edc\u00ed se produkt\u016f spole\u010dnosti Yilmaz Red\u00fckt\u00f6r. Najdete zde katalogy, manu\u00e1ly nebo technick\u00e9 listy.\" \/>\n<meta property=\"og:url\" content=\"https:\/\/yreduktor.eu\/index.php\/yilmaz-reduktor\/dokumenty-ke-stazeni\/\" \/>\n<meta property=\"og:site_name\" content=\"Yilmaz Red\u00fckt\u00f6r\" \/>\n<meta property=\"article:modified_time\" content=\"2022-05-07T21:01:01+00:00\" \/>\n<meta property=\"og:image\" content=\"https:\/\/yreduktor.eu\/wp-content\/uploads\/2019\/03\/yilmaz_FB_cover-pic.jpg\" \/>\n\t<meta property=\"og:image:width\" content=\"1200\" \/>\n\t<meta property=\"og:image:height\" content=\"630\" \/>\n\t<meta property=\"og:image:type\" content=\"image\/jpeg\" \/>\n<meta name=\"twitter:card\" content=\"summary_large_image\" \/>\n<meta name=\"twitter:label1\" content=\"Odhadovan\u00e1 doba \u010dten\u00ed\" \/>\n\t<meta name=\"twitter:data1\" content=\"1 minuta\" \/>\n<script type=\"application\/ld+json\" class=\"yoast-schema-graph\">{\"@context\":\"https:\/\/schema.org\",\"@graph\":[{\"@type\":\"WebPage\",\"@id\":\"https:\/\/yreduktor.eu\/index.php\/yilmaz-reduktor\/dokumenty-ke-stazeni\/\",\"url\":\"https:\/\/yreduktor.eu\/index.php\/yilmaz-reduktor\/dokumenty-ke-stazeni\/\",\"name\":\"Dokumenty ke sta\u017een\u00ed - Yilmaz Red\u00fckt\u00f6r\",\"isPartOf\":{\"@id\":\"https:\/\/yreduktor.eu\/#website\"},\"datePublished\":\"2019-01-16T11:30:42+00:00\",\"dateModified\":\"2022-05-07T21:01:01+00:00\",\"description\":\"Zde najdete dokumenty ke sta\u017een\u00ed, t\u00fdkaj\u00edc\u00ed se produkt\u016f spole\u010dnosti Yilmaz Red\u00fckt\u00f6r. Najdete zde katalogy, manu\u00e1ly nebo technick\u00e9 listy.\",\"breadcrumb\":{\"@id\":\"https:\/\/yreduktor.eu\/index.php\/yilmaz-reduktor\/dokumenty-ke-stazeni\/#breadcrumb\"},\"inLanguage\":\"cs\",\"potentialAction\":[{\"@type\":\"ReadAction\",\"target\":[\"https:\/\/yreduktor.eu\/index.php\/yilmaz-reduktor\/dokumenty-ke-stazeni\/\"]}]},{\"@type\":\"BreadcrumbList\",\"@id\":\"https:\/\/yreduktor.eu\/index.php\/yilmaz-reduktor\/dokumenty-ke-stazeni\/#breadcrumb\",\"itemListElement\":[{\"@type\":\"ListItem\",\"position\":1,\"name\":\"Dom\u016f\",\"item\":\"https:\/\/yreduktor.eu\/\"},{\"@type\":\"ListItem\",\"position\":2,\"name\":\"Yilmaz Red\u00fckt\u00f6r\",\"item\":\"https:\/\/yreduktor.eu\/\"},{\"@type\":\"ListItem\",\"position\":3,\"name\":\"Dokumenty ke sta\u017een\u00ed\"}]},{\"@type\":\"WebSite\",\"@id\":\"https:\/\/yreduktor.eu\/#website\",\"url\":\"https:\/\/yreduktor.eu\/\",\"name\":\"Yilmaz Red\u00fckt\u00f6r\",\"description\":\"P\u0159evodovky Yilmaz v \u010cR.\",\"potentialAction\":[{\"@type\":\"SearchAction\",\"target\":{\"@type\":\"EntryPoint\",\"urlTemplate\":\"https:\/\/yreduktor.eu\/?s={search_term_string}\"},\"query-input\":\"required name=search_term_string\"}],\"inLanguage\":\"cs\"}]}<\/script>\n<!-- \/ Yoast SEO plugin. -->","yoast_head_json":{"title":"Dokumenty ke sta\u017een\u00ed - Yilmaz Red\u00fckt\u00f6r","description":"Zde najdete dokumenty ke sta\u017een\u00ed, t\u00fdkaj\u00edc\u00ed se produkt\u016f spole\u010dnosti Yilmaz Red\u00fckt\u00f6r. Najdete zde katalogy, manu\u00e1ly nebo technick\u00e9 listy.","robots":{"index":"index","follow":"follow","max-snippet":"max-snippet:-1","max-image-preview":"max-image-preview:large","max-video-preview":"max-video-preview:-1"},"canonical":"https:\/\/yreduktor.eu\/index.php\/yilmaz-reduktor\/dokumenty-ke-stazeni\/","og_locale":"cs_CZ","og_type":"article","og_title":"Dokumenty ke sta\u017een\u00ed - Yilmaz Red\u00fckt\u00f6r","og_description":"Zde najdete dokumenty ke sta\u017een\u00ed, t\u00fdkaj\u00edc\u00ed se produkt\u016f spole\u010dnosti Yilmaz Red\u00fckt\u00f6r. Najdete zde katalogy, manu\u00e1ly nebo technick\u00e9 listy.","og_url":"https:\/\/yreduktor.eu\/index.php\/yilmaz-reduktor\/dokumenty-ke-stazeni\/","og_site_name":"Yilmaz Red\u00fckt\u00f6r","article_modified_time":"2022-05-07T21:01:01+00:00","og_image":[{"width":1200,"height":630,"url":"https:\/\/yreduktor.eu\/wp-content\/uploads\/2019\/03\/yilmaz_FB_cover-pic.jpg","type":"image\/jpeg"}],"twitter_card":"summary_large_image","twitter_misc":{"Odhadovan\u00e1 doba \u010dten\u00ed":"1 minuta"},"schema":{"@context":"https:\/\/schema.org","@graph":[{"@type":"WebPage","@id":"https:\/\/yreduktor.eu\/index.php\/yilmaz-reduktor\/dokumenty-ke-stazeni\/","url":"https:\/\/yreduktor.eu\/index.php\/yilmaz-reduktor\/dokumenty-ke-stazeni\/","name":"Dokumenty ke sta\u017een\u00ed - Yilmaz Red\u00fckt\u00f6r","isPartOf":{"@id":"https:\/\/yreduktor.eu\/#website"},"datePublished":"2019-01-16T11:30:42+00:00","dateModified":"2022-05-07T21:01:01+00:00","description":"Zde najdete dokumenty ke sta\u017een\u00ed, t\u00fdkaj\u00edc\u00ed se produkt\u016f spole\u010dnosti Yilmaz Red\u00fckt\u00f6r. Najdete zde katalogy, manu\u00e1ly nebo technick\u00e9 listy.","breadcrumb":{"@id":"https:\/\/yreduktor.eu\/index.php\/yilmaz-reduktor\/dokumenty-ke-stazeni\/#breadcrumb"},"inLanguage":"cs","potentialAction":[{"@type":"ReadAction","target":["https:\/\/yreduktor.eu\/index.php\/yilmaz-reduktor\/dokumenty-ke-stazeni\/"]}]},{"@type":"BreadcrumbList","@id":"https:\/\/yreduktor.eu\/index.php\/yilmaz-reduktor\/dokumenty-ke-stazeni\/#breadcrumb","itemListElement":[{"@type":"ListItem","position":1,"name":"Dom\u016f","item":"https:\/\/yreduktor.eu\/"},{"@type":"ListItem","position":2,"name":"Yilmaz Red\u00fckt\u00f6r","item":"https:\/\/yreduktor.eu\/"},{"@type":"ListItem","position":3,"name":"Dokumenty ke sta\u017een\u00ed"}]},{"@type":"WebSite","@id":"https:\/\/yreduktor.eu\/#website","url":"https:\/\/yreduktor.eu\/","name":"Yilmaz Red\u00fckt\u00f6r","description":"P\u0159evodovky Yilmaz v \u010cR.","potentialAction":[{"@type":"SearchAction","target":{"@type":"EntryPoint","urlTemplate":"https:\/\/yreduktor.eu\/?s={search_term_string}"},"query-input":"required name=search_term_string"}],"inLanguage":"cs"}]}},"lang":"cs","translations":{"cs":224,"pl":1190,"en":1268},"jetpack_sharing_enabled":true,"pll_sync_post":[],"_links":{"self":[{"href":"https:\/\/yreduktor.eu\/index.php\/wp-json\/wp\/v2\/pages\/224"}],"collection":[{"href":"https:\/\/yreduktor.eu\/index.php\/wp-json\/wp\/v2\/pages"}],"about":[{"href":"https:\/\/yreduktor.eu\/index.php\/wp-json\/wp\/v2\/types\/page"}],"author":[{"embeddable":true,"href":"https:\/\/yreduktor.eu\/index.php\/wp-json\/wp\/v2\/users\/1"}],"replies":[{"embeddable":true,"href":"https:\/\/yreduktor.eu\/index.php\/wp-json\/wp\/v2\/comments?post=224"}],"version-history":[{"count":24,"href":"https:\/\/yreduktor.eu\/index.php\/wp-json\/wp\/v2\/pages\/224\/revisions"}],"predecessor-version":[{"id":1489,"href":"https:\/\/yreduktor.eu\/index.php\/wp-json\/wp\/v2\/pages\/224\/revisions\/1489"}],"up":[{"embeddable":true,"href":"https:\/\/yreduktor.eu\/index.php\/wp-json\/wp\/v2\/pages\/34"}],"wp:attachment":[{"href":"https:\/\/yreduktor.eu\/index.php\/wp-json\/wp\/v2\/media?parent=224"}],"curies":[{"name":"wp","href":"https:\/\/api.w.org\/{rel}","templated":true}]}}