{"id":577,"date":"2019-02-12T15:45:02","date_gmt":"2019-02-12T14:45:02","guid":{"rendered":"https:\/\/www.yreduktor.eu\/?page_id=577"},"modified":"2022-05-07T23:58:21","modified_gmt":"2022-05-07T21:58:21","slug":"d2drives","status":"publish","type":"page","link":"https:\/\/yreduktor.eu\/index.php\/yilmaz-reduktor\/d2drives\/","title":{"rendered":"D2Drives"},"content":{"rendered":"<div  data-label=\"H1\" data-id=\"cta--1\" data-export-id=\"cta-centered-bg-section\" data-category=\"cta\" data-section-ov=\"1\" class=\"cta-centered-bg-section content-section content-section-spacing-medium\" data-parallax-depth=\"20\" id=\"h1\" style=\"background-color: rgb(255, 255, 255); background-image: none;\"><div  class=\"gridContainer\"> <div  class=\"row text-center\"><div  data-type=\"column\" class=\"\"> <h2  class=\"\">K-Drives<\/h2> <\/div> <\/div><\/div> <\/div><div  data-label=\"Features\" data-id=\"features--1\" data-export-id=\"features-5\" data-category=\"features\" class=\"features-5 content-section-spacing\" id=\"features-1\" style=\"background-color: rgb(255, 255, 255); background-image: none;\"><div  class=\"gridContainer\">  <div  class=\"row text-center\" data-type=\"row\"> <div  class=\"col-xs-12 col-sm-4 col-padding-small col-md-3 \"> <div  class=\"number-container\"> <div  class=\"link-line left bg-color1\"><\/div> <p  class=\"number border-color1 color1\"><\/p> <div  class=\"link-line right bg-color1\"><\/div><\/div> <div  data-type=\"column\" class=\"\"> <h3  class=\"\">1991<\/h3><p  class=\"text-center\"><span  style=\"font-weight: 300;\">firma vznik\u00e1 pod jm\u00e9nem KVELB jako jeden z prvn\u00edch soukrom\u00fdch distributor\u016f motor\u016f MEZ v \u010cR<\/span><\/p><\/div> <\/div> <div  class=\"col-xs-12 col-sm-4 col-padding-small col-md-3 \"> <div  class=\"number-container\"> <div  class=\"link-line left bg-color1\"><\/div> <p  class=\"number border-color1 color1\"><\/p> <div  class=\"link-line right bg-color1\"><\/div><\/div> <div  data-type=\"column\" class=\"\"> <h3  class=\"\">1994<\/h3><p  class=\"text-center\"><span  style=\"font-weight: 300;\">firma se st\u00e1v\u00e1 distributorem Siemens produkt\u016f<\/span><\/p><\/div><\/div> <div  class=\"col-xs-12 col-sm-4 col-padding-small col-md-3 \"><div  class=\"number-container\"> <div  class=\"link-line left bg-color1\"><\/div> <p  class=\"number border-color1 color1\"><\/p> <div  class=\"link-line right bg-color1\"><\/div><\/div> <div  data-type=\"column\" class=\"\"> <h3  class=\"\">2004<\/h3><p  class=\"text-center\"><span  style=\"font-weight: 300;\">firma je certifikov\u00e1na ISO9001&nbsp;a z\u00edsk\u00e1v\u00e1 titul Solution Partner Siemens<\/span><\/p><\/div> <\/div><div  class=\"col-xs-12 col-sm-4 col-padding-small col-md-3 \"> <div  class=\"number-container\"> <div  class=\"link-line left bg-color1\"><\/div> <p  class=\"number border-color1 color1\"><\/p> <div  class=\"link-line right bg-color1\"><\/div><\/div> <div  data-type=\"column\" class=\"\"> <h3  class=\"\">2011<\/h3><p  class=\"text-center\"><span  style=\"font-weight: 300;\">firma poprv\u00e9 p\u0159ekra\u010duje obrat \n<br >100 mil. CZK<\/span><\/p><\/div> <\/div><div  class=\"col-xs-12 col-sm-4 col-padding-small col-md-3 \"> <div  class=\"number-container\"> <div  class=\"link-line left bg-color1\"><\/div> <p  class=\"number border-color1 color1\"><\/p> <div  class=\"link-line right bg-color1\"><\/div><\/div> <div  data-type=\"column\" class=\"\"> <h3  class=\"\">2017<\/h3><p  class=\"text-center\"><span  style=\"font-weight: 300;\">firma se st\u00e1v\u00e1 \u010dlenem pr\u016fmyslov\u00e9 skupiny D2G a m\u011bn\u00ed n\u00e1zev na D2Drives<\/span><\/p><\/div> <\/div><div  class=\"col-xs-12 col-sm-4 col-padding-small col-md-3 \"> <div  class=\"number-container\"> <div  class=\"link-line left bg-color1\"><\/div> <p  class=\"number border-color1 color1\"><\/p> <div  class=\"link-line right bg-color1\"><\/div><\/div> <div  data-type=\"column\" class=\"\"> <h3  class=\"\">2018\n<\/h3><p  class=\"text-center\"><span  style=\"font-weight: 300;\">firma se st\u00e1v\u00e1 v\u00fdhradn\u00edm distributorem produkt\u016f <a data-mce-href=\"https:\/\/elkmotor.cz\/\" href=\"https:\/\/elkmotor.cz\" target=\"_self\" data-mce-selected=\"inline-boundary\" data-cp-link=\"1\" class=\"\" rel=\"noopener noreferrer\">ELK Motor<\/a> a Yilmaz Red\u00fckt\u00f6r<\/span><\/p><\/div> <\/div><div  class=\"col-xs-12 col-sm-4 col-padding-small col-md-3\"> <div  class=\"number-container\"> <div  class=\"link-line left bg-color1\"><\/div> <p  class=\"number border-color1 color1\"><\/p> <div  class=\"link-line right bg-color1\"><\/div><\/div> <div  data-type=\"column\" class=\"\"> <h3  class=\"\">2020<\/h3><p  class=\"text-center\"><span  style=\"font-weight: 300;\">firma m\u011bn\u00ed n\u00e1zev na K-Drives CZ<\/span><\/p><\/div> <\/div><\/div> <\/div><\/div><div  data-label=\"Overlappable\" data-id=\"overlappable--1\" data-export-id=\"overlappable-1\" data-category=\"overlappable\" class=\"overlappable-1 content-section content-section-spacing\" data-overlap=\"true\" id=\"overlappable-1\" style=\"background-color: rgb(255, 255, 255);\"><div  class=\"gridContainer\"> <div  data-type=\"row\" class=\"row shadow-medium\"><div  data-type=\"column\" class=\"col-xs-12 col-sm-4 flexcol bg-color-white col-padding col-padding-small-xs\"><h2  class=\"\">Distribuujeme pr\u016fmyslov\u00e9 pohony v \u010cR i zahrani\u010d\u00ed<\/h2>    <\/div> <div  data-type=\"column\" class=\"col-xs-12 col-sm-4 flexcol bg-color2 col-padding col-padding-small-xs inverted\"><img decoding=\"async\"  class=\"custom-image lazyloaded\" src=\"https:\/\/yreduktor.eu\/wp-content\/uploads\/2019\/03\/D2D_p\u0159\u00edruba_square.jpg\" alt=\"p\u0159\u00edruba D2Drives\" title=\"D2D_p\u0159\u00edruba_square\" data-was-processed=\"true\" data-ll-status=\"loaded\" data-lazy-src=\"http:\/\/www.yreduktor.eu\/wp-content\/uploads\/2019\/03\/D2D_elektromotor_square_347.jpg\">   <\/div> <div  data-type=\"column\" class=\"col-xs-12 col-sm-4 flexcol col-padding col-padding-small-xs inverted bg-color1\">  <h2  class=\"\">1991<\/h2><p  class=\"\"><span  style=\"font-weight: 300;\">D\u00edky 26let\u00e9 historii m\u00e1me perfektn\u00ed p\u0159ehled o nab\u00eddce elektromotor\u016f nejen v \u010cR, ale i v zahrani\u010d\u00ed.<\/span><\/p> <\/div> <div  data-type=\"column\" class=\"col-xs-12 col-sm-4 flexcol col-padding col-padding-small-xs bg-color2\"><h2  class=\"\"><span  style=\"color: rgb(255, 255, 255);\">1\/2 hned<\/span><\/h2>    <p  class=\"\"><span  style=\"color: rgb(255, 255, 255); font-weight: 300;\">Polovinu v\u0161ech objedn\u00e1vek z cel\u00e9ho sv\u011bta vy\u0159\u00edd\u00edme do druh\u00e9ho dne.<\/span><\/p><h2  class=\"\"><span  style=\"color: rgb(255, 255, 255);\">65 % export<\/span><\/h2><p  class=\"\"><span  style=\"font-weight: 300; color: rgb(255, 255, 255);\">T\u00e9m\u011b\u0159 t\u0159i \u010dtvrt\u011b ve\u0161ker\u00fdch dod\u00e1vek sm\u011b\u0159uje do zahrani\u010d\u00ed.<\/span><\/p><\/div><div  data-type=\"column\" class=\"col-xs-12 col-sm-4 flexcol bg-color-white col-padding col-padding-small-xs\"><h2  class=\"\">V\u0161echny \u00fapravy in-house<\/h2>    <p  class=\"\"><span  style=\"font-weight: 300;\">D\u00edky velk\u00fdm skladov\u00fdm z\u00e1sob\u00e1m n\u00e1hradn\u00edch d\u00edl\u016f a certifikovan\u00fdm opr\u00e1vn\u011bn\u00edm jsme schopni upravit elektromotor dle Va\u0161eho p\u0159\u00e1n\u00ed ve velmi kr\u00e1tk\u00e9 dob\u011b.<\/span><\/p><\/div><div  data-type=\"column\" class=\"col-xs-12 col-sm-4 flexcol bg-color-white col-padding col-padding-small-xs\"><img decoding=\"async\"  class=\"custom-image lazyloaded\" src=\"https:\/\/yreduktor.eu\/wp-content\/uploads\/2019\/03\/D2D_elektromotor_square_347.jpg\" alt=\"\" title=\"D2D_elektromotor_square_347\" data-was-processed=\"true\" data-ll-status=\"loaded\" data-lazy-src=\"http:\/\/www.yreduktor.eu\/wp-content\/uploads\/2019\/03\/D2D_p\u0159\u00edruba_square.jpg\">    <\/div><\/div><\/div> <\/div><div  data-label=\"Gallery\" data-id=\"gallery--1\" data-export-id=\"gallery-2\" data-category=\"gallery\" class=\"gallery-2 content-section content-section-spacing\" id=\"gallery-1\" style=\"background-color: rgb(245, 250, 253);\"><div  class=\"\"> <div  class=\"row\"><div  class=\"col-xs-12 full-no-padding\" data-editable=\"true\" data-content-shortcode=\"mesmerize_gallery id=&quot;mesmerize-gallery-2&quot; columns=&quot;3&quot; ids=&quot;1471,1004,1003&quot; lb=&quot;1&quot; masonry=&quot;0&quot; size=&quot;medium&quot; link=&quot;file&quot; \"><div id='mesmerize-gallery-2' class='gallery-wrapper'><style type=\"text\/css\">\n                    @media only screen and (min-width: 768px) {\n                    [data-unique-id='mesmerize-gallery-2-69d2a9ab5fc5f'] dl {\n                        float: left;\n                        width: 33.333333333333% !important;\n                        max-width:  33.333333333333% !important;\n                        min-width:  33.333333333333% !important;\n                    }\n\n                    [data-unique-id='mesmerize-gallery-2-69d2a9ab5fc5f'] dl:nth-of-type(3n +1 ) {\n                      clear: both;\n                      }\n                    }\n                <\/style><div id='mesmerize-gallery-2' class='mesmerize-gallery-2-dls-wrapper gallery-items-wrapper materialis-gallery' data-unique-id='mesmerize-gallery-2-69d2a9ab5fc5f'><dl class='gallery-item'>\n\t\t\t<dt class='gallery-icon landscape'>\n\t\t\t\t<a data-fancybox=\"mesmerize-gallery-2-group\" href='https:\/\/yreduktor.eu\/wp-content\/uploads\/2022\/05\/k-drives-building.png'><img  width=\"300\" height=\"147\" src=\"https:\/\/yreduktor.eu\/wp-content\/uploads\/2022\/05\/k-drives-building-300x147.png\"  class='mesmerize-gallery-2-image' alt=\"\" decoding=\"async\" loading=\"lazy\" srcset=\"https:\/\/yreduktor.eu\/wp-content\/uploads\/2022\/05\/k-drives-building-300x147.png 300w, https:\/\/yreduktor.eu\/wp-content\/uploads\/2022\/05\/k-drives-building.png 532w\" sizes=\"(max-width: 300px) 100vw, 300px\" \/><\/a>\n\t\t\t<\/dt><\/dl><dl class='gallery-item'>\n\t\t\t<dt class='gallery-icon landscape'>\n\t\t\t\t<a data-fancybox=\"mesmerize-gallery-2-group\" href='https:\/\/yreduktor.eu\/wp-content\/uploads\/2019\/03\/D2D_sklad.jpg'><img  width=\"300\" height=\"146\" src=\"https:\/\/yreduktor.eu\/wp-content\/uploads\/2019\/03\/D2D_sklad.jpg\"  class='mesmerize-gallery-2-image' alt=\"\" decoding=\"async\" loading=\"lazy\" \/><\/a>\n\t\t\t<\/dt><\/dl><dl class='gallery-item'>\n\t\t\t<dt class='gallery-icon landscape'>\n\t\t\t\t<a data-fancybox=\"mesmerize-gallery-2-group\" href='https:\/\/yreduktor.eu\/wp-content\/uploads\/2019\/03\/D2D_sklad_ELK-motory.jpg'><img  width=\"300\" height=\"146\" src=\"https:\/\/yreduktor.eu\/wp-content\/uploads\/2019\/03\/D2D_sklad_ELK-motory.jpg\"  class='mesmerize-gallery-2-image' alt=\"\" decoding=\"async\" loading=\"lazy\" \/><\/a>\n\t\t\t<\/dt><\/dl>\n\t\t<\/div>\n<script>(function($){window.MaterialisCaptionsGallery && window.MaterialisCaptionsGallery($('[data-unique-id=\"mesmerize-gallery-2-69d2a9ab5fc5f\"]'))})(jQuery)<\/script><\/div><\/div><\/div> <\/div><\/div><div  data-label=\"Content\" data-id=\"content--1\" data-export-id=\"content-9\" data-category=\"content\" class=\"content-9 content-section content-section-spacing content-relative\" id=\"content-1\" style=\"background-color: rgb(255, 255, 255); background-image: none;\"><div  class=\"gridContainer\"> <div  class=\"row text-center\"><div  class=\"section-title-col\" data-type=\"column\"> <h2  class=\"\">Distribuce pr\u016fmyslov\u00fdch pohon\u016f<\/h2> <p  class=\"\"><span  style=\"font-weight: 300;\">Specializujeme se na kompletn\u00ed dod\u00e1vky elektropohon\u016f a komponent pr\u016fmyslov\u00e9 automatizace.<\/span><\/p><\/div> <\/div> <div  class=\"row space-bottom text-center\" data-type=\"row\"> <div  class=\"col-sm-4 col-padding-small\">  <h4  class=\"\" style=\"text-align: left;\">Sortiment<\/h4> <p  class=\"\" style=\"text-align: left;\"><span  style=\"font-weight: 300;\">elektromotory<\/span><br ><span  style=\"font-weight: 300;\">\np\u0159evodovky<\/span><br ><span  style=\"font-weight: 300;\">\nspojky<\/span><br ><span  style=\"font-weight: 300;\">\nfrekven\u010dn\u00ed m\u011bni\u010de<\/span><br ><span  style=\"font-weight: 300;\">\nsoftstart\u00e9ry<\/span><br ><span  style=\"font-weight: 300;\">\nsp\u00ednac\u00ed a jistic\u00ed technika<\/span><br ><span  style=\"font-weight: 300;\">\nkomponenty pro pr\u016fmyslovou automatizaci<\/span><\/p><\/div> <div  class=\"col-sm-4 col-padding-small\"> <h4  class=\"\" style=\"text-align: left;\">Certifikace<\/h4> <p  class=\"\" style=\"text-align: left;\"><span  style=\"font-weight: 300;\">ISO 9001<\/span><br ><span  style=\"font-weight: 300;\">\nCzech TOP 100<\/span><br ><span  style=\"font-weight: 300;\">\nAA Class dle Czech Stability Award<\/span><\/p><\/div> <div  class=\"col-sm-4 col-padding-small\"> <h4  class=\"\" style=\"text-align: left;\">On-line konfigur\u00e1tor<\/h4> <p  class=\"\" style=\"text-align: left;\"><span  style=\"font-weight: 300;\">prvn\u00ed on-line konfigur\u00e1tor elektromotor\u016f v \u010cR<\/span><br ><span  style=\"font-weight: 300;\">\nv\u00fdsledek V\u00e1s stoj\u00ed p\u00e1r kliknut\u00ed<\/span><br ><span  style=\"font-weight: 300;\"><a href=\"http:\/\/www.elektromotory.cz\/konfigurator\" target=\"_self\" data-mce-href=\"http:\/\/www.elektromotory.cz\/konfigurator\" data-mce-selected=\"inline-boundary\" data-cp-link=\"1\" class=\"\" rel=\"noopener\">elektromotory.cz\/konfigurator<\/a><\/span><\/p><\/div> <\/div> <div  class=\"row center-xs middle-xs\"> <div  class=\"col-sm-12\" data-type=\"column\"><a class=\"button color1\" href=\"https:\/\/www.elektromotory.cz\" target=\"_blank\" data-cp-link=\"1\" data-icon=\"\" rel=\"noopener noreferrer\">P\u0158EJ\u00cdT NA WEB K-DRIVES<\/a>  <\/div><\/div> <\/div><div  class=\"section-separator-bottom\">\n    <svg  class=\"section-separator-bottom\" data-separator-name=\"triangle-asymmetrical-negative\" preserveAspectRatio=\"none\" viewBox=\"0 0 1000 100\" xmlns=\"http:\/\/www.w3.org\/2000\/svg\">\n        <path  class=\"svg-white-bg\" d=\"M737.9,94.7L0,0v100h1000V0L737.9,94.7z\"><\/path>\n    <\/svg>\n<\/div><\/div><div  data-label=\"Contact\" data-id=\"contact--1\" data-export-id=\"contact-6\" data-category=\"contact\" class=\"contact-5 content-section content-section-spacing content-relative\" id=\"contact-1\" style=\"background-color: rgb(255, 255, 255);\"><div  class=\"section-separator-top\">\n    <svg  xmlns=\"http:\/\/www.w3.org\/2000\/svg\" viewBox=\"0 0 1000 100\" preserveAspectRatio=\"none\" data-separator-name=\"triangle-asymmetrical\" class=\"section-separator-top\">\n\t<path  class=\"svg-white-bg\" d=\"M738,99l262-93V0H0v5.6L738,99z\"><\/path>\n<\/svg>\n<\/div><div  class=\"\">  <div  class=\"row middle-sm\"> <div  class=\"col-xs-12 col-sm-6 image-holder space-bottom-xs\"> <div  data-content-shortcode=\"mesmerize_maps address=&quot;Dru\u017estevn\u00ed 1200\/20, 789 85, Mohelnice &quot; zoom=&quot;65&quot;\" data-editable=\"true\" class=\"shadow-medium\"><iframe class=\"mesmerize-google-maps mesmerize-frame-map\" src=\"https:\/\/maps.google.com\/maps?q=Dru\u017estevn\u00ed 1200\/20, 789 85, Mohelnice &amp;z=14&amp;t=m&amp;output=embed&amp;iwloc=near\"><\/iframe><\/div><\/div> <div  class=\"col-xs-12 col-sm-6\"><div  class=\"row middle-sm\"> <div  data-type=\"column\" class=\"col-xs-12 space-bottom-small\"><h3  class=\"color1\">Spojte se s n\u00e1mi!<\/h3><h1  class=\"\">Najdete n\u00e1s v Mohelnici<\/h1><\/div> <\/div> <div  class=\"row middle-sm\" data-type=\"row\"> <div  class=\"col-xs-12 space-bottom-small\"> <div  class=\"row\"> <div  data-type=\"column\" class=\"col-xs-12 col-sm-fit label-col\"><p  class=\"\"><span  style=\"font-weight: 300;\"><span  style=\"color: rgb(60, 60, 60);\">Chcete zpracovat nez\u00e1vaznou nab\u00eddku nebo doporu\u010dit \u0159e\u0161en\u00ed pro Va\u0161i aplikaci?<\/span><span  style=\"color: rgb(60, 60, 60);\">&nbsp;\n<\/span><span  style=\"color: rgb(60, 60, 60);\">Obra\u0165te se na K-Drives CZ.\n<\/span><\/span><\/p> <\/div> <div  data-type=\"column\" class=\"col-xs-12 col-sm\"><\/div> <\/div><\/div>   <div  class=\"col-xs-12 space-bottom-small\"> <div  class=\"row\"> <div  data-type=\"column\" class=\"col-xs-12 col-sm-fit label-col\"><p  class=\"\"><span  style=\"font-weight: 300;\"><span  style=\"color: rgb(60, 60, 60);\">Dru\u017estevn\u00ed 1200\/20, 789 85 Mohelnice<br >\n+420 583 453 043<br ><a data-mce-href=\"mailto:info@k-drives.cz\" href=\"mailto:info@k-drives.cz\" target=\"_self\" data-mce-selected=\"inline-boundary\" data-cp-link=\"1\" rel=\"noopener\">info@k-drives.cz<\/a><\/span><\/span><\/p> <\/div> <div  data-type=\"column\" class=\"col-xs-12 col-sm\"><\/div> <\/div><\/div><div  class=\"col-xs-12 space-bottom-small\"><div  class=\"row\"> <div  data-type=\"column\" class=\"col-xs-12 col-sm-fit label-col\"><a class=\"button color1\" href=\"mailto:info@k-drives.cz\" target=\"_self\" data-cp-link=\"1\" data-icon=\"\" rel=\"noopener noreferrer\">KONTAKTOVAT K-DRIVES<\/a><\/div> <div  data-type=\"column\" class=\"col-xs-12 col-sm\"><\/div> <\/div><\/div><\/div> <\/div><\/div> <\/div><\/div>","protected":false},"excerpt":{"rendered":"<p>K-Drives 1991firma vznik\u00e1 pod jm\u00e9nem KVELB jako jeden z prvn\u00edch soukrom\u00fdch distributor\u016f motor\u016f MEZ v \u010cR 1994firma se st\u00e1v\u00e1 distributorem Siemens produkt\u016f 2004firma je certifikov\u00e1na ISO9001&nbsp;a z\u00edsk\u00e1v\u00e1 titul Solution Partner Siemens 2011firma poprv\u00e9 p\u0159ekra\u010duje obrat 100 mil. CZK 2017firma se st\u00e1v\u00e1 \u010dlenem pr\u016fmyslov\u00e9 skupiny D2G a m\u011bn\u00ed n\u00e1zev na D2Drives 2018 firma se st\u00e1v\u00e1 v\u00fdhradn\u00edm&hellip; <br \/> <a class=\"read-more\" href=\"https:\/\/yreduktor.eu\/index.php\/yilmaz-reduktor\/d2drives\/\">Read more<\/a><\/p>\n","protected":false},"author":1,"featured_media":0,"parent":34,"menu_order":2,"comment_status":"closed","ping_status":"closed","template":"pro\/page-templates\/page-with-small-header.php","meta":{"footnotes":""},"yoast_head":"<!-- This site is optimized with the Yoast SEO plugin v21.3 - https:\/\/yoast.com\/wordpress\/plugins\/seo\/ -->\n<title>D2Drives - Yilmaz Red\u00fckt\u00f6r - V\u00e1\u0161 distributor elektropohon\u016f<\/title>\n<meta name=\"description\" content=\"Spole\u010dnost D2Drives se specializuje na kompletn\u00ed dod\u00e1vky elektromotor\u016f, p\u0159evodovek, spojek a dal\u0161\u00edch komponent pr\u016fmyslov\u00e9 automatizace u\u017e v\u00edce ne\u017e 26 let.\" \/>\n<meta name=\"robots\" content=\"index, follow, max-snippet:-1, max-image-preview:large, max-video-preview:-1\" \/>\n<link rel=\"canonical\" href=\"https:\/\/yreduktor.eu\/index.php\/yilmaz-reduktor\/d2drives\/\" \/>\n<meta property=\"og:locale\" content=\"cs_CZ\" \/>\n<meta property=\"og:type\" content=\"article\" \/>\n<meta property=\"og:title\" content=\"D2Drives - Yilmaz Red\u00fckt\u00f6r - V\u00e1\u0161 distributor elektropohon\u016f\" \/>\n<meta property=\"og:description\" content=\"Spole\u010dnost D2Drives se specializuje na kompletn\u00ed dod\u00e1vky elektromotor\u016f, p\u0159evodovek, spojek a dal\u0161\u00edch komponent pr\u016fmyslov\u00e9 automatizace u\u017e v\u00edce ne\u017e 26 let.\" \/>\n<meta property=\"og:url\" content=\"https:\/\/yreduktor.eu\/index.php\/yilmaz-reduktor\/d2drives\/\" \/>\n<meta property=\"og:site_name\" content=\"Yilmaz Red\u00fckt\u00f6r\" \/>\n<meta property=\"article:modified_time\" content=\"2022-05-07T21:58:21+00:00\" \/>\n<meta property=\"og:image\" content=\"https:\/\/yreduktor.eu\/wp-content\/uploads\/2019\/03\/yilmaz_FB_cover-pic.jpg\" \/>\n\t<meta property=\"og:image:width\" content=\"1200\" \/>\n\t<meta property=\"og:image:height\" content=\"630\" \/>\n\t<meta property=\"og:image:type\" content=\"image\/jpeg\" \/>\n<meta name=\"twitter:card\" content=\"summary_large_image\" \/>\n<meta name=\"twitter:label1\" content=\"Odhadovan\u00e1 doba \u010dten\u00ed\" \/>\n\t<meta name=\"twitter:data1\" content=\"2 minuty\" \/>\n<script type=\"application\/ld+json\" class=\"yoast-schema-graph\">{\"@context\":\"https:\/\/schema.org\",\"@graph\":[{\"@type\":\"WebPage\",\"@id\":\"https:\/\/yreduktor.eu\/index.php\/yilmaz-reduktor\/d2drives\/\",\"url\":\"https:\/\/yreduktor.eu\/index.php\/yilmaz-reduktor\/d2drives\/\",\"name\":\"D2Drives - Yilmaz Red\u00fckt\u00f6r - V\u00e1\u0161 distributor elektropohon\u016f\",\"isPartOf\":{\"@id\":\"https:\/\/yreduktor.eu\/#website\"},\"datePublished\":\"2019-02-12T14:45:02+00:00\",\"dateModified\":\"2022-05-07T21:58:21+00:00\",\"description\":\"Spole\u010dnost D2Drives se specializuje na kompletn\u00ed dod\u00e1vky elektromotor\u016f, p\u0159evodovek, spojek a dal\u0161\u00edch komponent pr\u016fmyslov\u00e9 automatizace u\u017e v\u00edce ne\u017e 26 let.\",\"breadcrumb\":{\"@id\":\"https:\/\/yreduktor.eu\/index.php\/yilmaz-reduktor\/d2drives\/#breadcrumb\"},\"inLanguage\":\"cs\",\"potentialAction\":[{\"@type\":\"ReadAction\",\"target\":[\"https:\/\/yreduktor.eu\/index.php\/yilmaz-reduktor\/d2drives\/\"]}]},{\"@type\":\"BreadcrumbList\",\"@id\":\"https:\/\/yreduktor.eu\/index.php\/yilmaz-reduktor\/d2drives\/#breadcrumb\",\"itemListElement\":[{\"@type\":\"ListItem\",\"position\":1,\"name\":\"Dom\u016f\",\"item\":\"https:\/\/yreduktor.eu\/\"},{\"@type\":\"ListItem\",\"position\":2,\"name\":\"Yilmaz Red\u00fckt\u00f6r\",\"item\":\"https:\/\/yreduktor.eu\/\"},{\"@type\":\"ListItem\",\"position\":3,\"name\":\"D2Drives\"}]},{\"@type\":\"WebSite\",\"@id\":\"https:\/\/yreduktor.eu\/#website\",\"url\":\"https:\/\/yreduktor.eu\/\",\"name\":\"Yilmaz Red\u00fckt\u00f6r\",\"description\":\"P\u0159evodovky Yilmaz v \u010cR.\",\"potentialAction\":[{\"@type\":\"SearchAction\",\"target\":{\"@type\":\"EntryPoint\",\"urlTemplate\":\"https:\/\/yreduktor.eu\/?s={search_term_string}\"},\"query-input\":\"required name=search_term_string\"}],\"inLanguage\":\"cs\"}]}<\/script>\n<!-- \/ Yoast SEO plugin. -->","yoast_head_json":{"title":"D2Drives - Yilmaz Red\u00fckt\u00f6r - V\u00e1\u0161 distributor elektropohon\u016f","description":"Spole\u010dnost D2Drives se specializuje na kompletn\u00ed dod\u00e1vky elektromotor\u016f, p\u0159evodovek, spojek a dal\u0161\u00edch komponent pr\u016fmyslov\u00e9 automatizace u\u017e v\u00edce ne\u017e 26 let.","robots":{"index":"index","follow":"follow","max-snippet":"max-snippet:-1","max-image-preview":"max-image-preview:large","max-video-preview":"max-video-preview:-1"},"canonical":"https:\/\/yreduktor.eu\/index.php\/yilmaz-reduktor\/d2drives\/","og_locale":"cs_CZ","og_type":"article","og_title":"D2Drives - Yilmaz Red\u00fckt\u00f6r - V\u00e1\u0161 distributor elektropohon\u016f","og_description":"Spole\u010dnost D2Drives se specializuje na kompletn\u00ed dod\u00e1vky elektromotor\u016f, p\u0159evodovek, spojek a dal\u0161\u00edch komponent pr\u016fmyslov\u00e9 automatizace u\u017e v\u00edce ne\u017e 26 let.","og_url":"https:\/\/yreduktor.eu\/index.php\/yilmaz-reduktor\/d2drives\/","og_site_name":"Yilmaz Red\u00fckt\u00f6r","article_modified_time":"2022-05-07T21:58:21+00:00","og_image":[{"width":1200,"height":630,"url":"https:\/\/yreduktor.eu\/wp-content\/uploads\/2019\/03\/yilmaz_FB_cover-pic.jpg","type":"image\/jpeg"}],"twitter_card":"summary_large_image","twitter_misc":{"Odhadovan\u00e1 doba \u010dten\u00ed":"2 minuty"},"schema":{"@context":"https:\/\/schema.org","@graph":[{"@type":"WebPage","@id":"https:\/\/yreduktor.eu\/index.php\/yilmaz-reduktor\/d2drives\/","url":"https:\/\/yreduktor.eu\/index.php\/yilmaz-reduktor\/d2drives\/","name":"D2Drives - Yilmaz Red\u00fckt\u00f6r - V\u00e1\u0161 distributor elektropohon\u016f","isPartOf":{"@id":"https:\/\/yreduktor.eu\/#website"},"datePublished":"2019-02-12T14:45:02+00:00","dateModified":"2022-05-07T21:58:21+00:00","description":"Spole\u010dnost D2Drives se specializuje na kompletn\u00ed dod\u00e1vky elektromotor\u016f, p\u0159evodovek, spojek a dal\u0161\u00edch komponent pr\u016fmyslov\u00e9 automatizace u\u017e v\u00edce ne\u017e 26 let.","breadcrumb":{"@id":"https:\/\/yreduktor.eu\/index.php\/yilmaz-reduktor\/d2drives\/#breadcrumb"},"inLanguage":"cs","potentialAction":[{"@type":"ReadAction","target":["https:\/\/yreduktor.eu\/index.php\/yilmaz-reduktor\/d2drives\/"]}]},{"@type":"BreadcrumbList","@id":"https:\/\/yreduktor.eu\/index.php\/yilmaz-reduktor\/d2drives\/#breadcrumb","itemListElement":[{"@type":"ListItem","position":1,"name":"Dom\u016f","item":"https:\/\/yreduktor.eu\/"},{"@type":"ListItem","position":2,"name":"Yilmaz Red\u00fckt\u00f6r","item":"https:\/\/yreduktor.eu\/"},{"@type":"ListItem","position":3,"name":"D2Drives"}]},{"@type":"WebSite","@id":"https:\/\/yreduktor.eu\/#website","url":"https:\/\/yreduktor.eu\/","name":"Yilmaz Red\u00fckt\u00f6r","description":"P\u0159evodovky Yilmaz v \u010cR.","potentialAction":[{"@type":"SearchAction","target":{"@type":"EntryPoint","urlTemplate":"https:\/\/yreduktor.eu\/?s={search_term_string}"},"query-input":"required name=search_term_string"}],"inLanguage":"cs"}]}},"lang":"cs","translations":{"cs":577,"pl":1275,"en":1289},"jetpack_sharing_enabled":true,"pll_sync_post":[],"_links":{"self":[{"href":"https:\/\/yreduktor.eu\/index.php\/wp-json\/wp\/v2\/pages\/577"}],"collection":[{"href":"https:\/\/yreduktor.eu\/index.php\/wp-json\/wp\/v2\/pages"}],"about":[{"href":"https:\/\/yreduktor.eu\/index.php\/wp-json\/wp\/v2\/types\/page"}],"author":[{"embeddable":true,"href":"https:\/\/yreduktor.eu\/index.php\/wp-json\/wp\/v2\/users\/1"}],"replies":[{"embeddable":true,"href":"https:\/\/yreduktor.eu\/index.php\/wp-json\/wp\/v2\/comments?post=577"}],"version-history":[{"count":25,"href":"https:\/\/yreduktor.eu\/index.php\/wp-json\/wp\/v2\/pages\/577\/revisions"}],"predecessor-version":[{"id":1539,"href":"https:\/\/yreduktor.eu\/index.php\/wp-json\/wp\/v2\/pages\/577\/revisions\/1539"}],"up":[{"embeddable":true,"href":"https:\/\/yreduktor.eu\/index.php\/wp-json\/wp\/v2\/pages\/34"}],"wp:attachment":[{"href":"https:\/\/yreduktor.eu\/index.php\/wp-json\/wp\/v2\/media?parent=577"}],"curies":[{"name":"wp","href":"https:\/\/api.w.org\/{rel}","templated":true}]}}